inder when 422 is divided by 8.
6
Calculate the remainder when 263 is divided by 64.
7
What is the remainder when 1883 is divided by 621?
20
Calculate the remainder when 457 is divided by 167.
123
What is the remainder when 413 is divided by 42?
35
Calculate the remainder when 987 is divided by 5.
2
Calculate the remainder when 265 is divided by 104.
57
Calculate the remainder when 368 is divided by 95.
83
What is the remainder when 209 is divided by 196?
13
What is the remainder when 433 is divided by 211?
11
What is the remainder when 126 is divided by 33?
27
Calculate the remainder when 139 is divided by 40.
19
Calculate the remainder when 1286 is divided by 39.
38
Calculate the remainder when 533 is divided by 298.
235
Calculate the remainder when 87 is divided by 20.
7
Calculate the remainder when 147 is divided by 79.
68
Calculate the remainder when 947 is divided by 86.
1
What is the remainder when 76 is divided by 13?
11
What is the remainder when 304 is divided by 6?
4
What is the remainder when 716 is divided by 49?
30
Calculate the remainder when 175 is divided by 32.
15
What is the remainder when 6959 is divided by 145?
144
What is the remainder when 117 is divided by 41?
35
What is the remainder when 523 is divided by 171?
10
What is the remainder when 118 is divided by 30?
28
What is the remainder when 486 is divided by 100?
86
What is the remainder when 178 is divided by 35?
3
What is the remainder when 237 is divided by 12?
9
Calculate the remainder when 1063 is divided by 41.
38
What is the remainder when 651 is divided by 110?
101
What is the remainder when 204 is divided by 62?
18
What is the remainder when 868 is divided by 44?
32
Calculate the remainder when 731 is divided by 105.
101
Calculate the remainder when 468 is divided by 10.
8
What is the remainder when 18094 is divided by 47?
46
What is the remainder when 104 is divided by 25?
4
Calculate the remainder when 1657 is divided by 813.
31
What is the remainder when 69 is divided by 8?
5
What is the remainder when 128 is divided by 68?
60
Calculate the remainder when 134 is divided by 48.
38
Calculate the remainder when 400 is divided by 210.
190
What is the remainder when 2258 is divided by 9?
8
What is the remainder when 343 is divided by 15?
13
What is the remainder when 384 is divided by 65?
59
Calculate the remainder when 204 is divided by 189.
15
Calculate the remainder when 7576 is divided by 16.
8
Calculate the remainder when 1096 is divided by 31.
11
What is the remainder when 89 is divided by 31?
27
What is the remainder when 1966 is divided by 217?
13
Calculate the remainder when 89 is divided by 49.
40
Calculate the remainder when 13221 is divided by 12.
9
Calculate the remainder when 121 is divided by 23.
6
What is the remainder when 7 is divided by 4?
3
Calculate the remainder when 7330 is divided by 94.
92
What is the remainder when 102 is divided by 11?
3
What is the remainder when 13 is divided by 11?
2
Calculate the remainder when 231 is divided by 29.
28
Calculate the remainder when 120 is divided by 88.
32
Calculate the remainder when 1272 is divided by 271.
188
What is the remainder when 112 is divided by 24?
16
What is the remainder when 170 is divided by 95?
75
What is the remainder when 10186 is divided by 23?
20
What is the remainder when 276 is divided by 19?
10
Calculate the remainder when 346 is divided by 140.
66
What is the remainder when 319 is divided by 68?
47
Calculate the remainder when 40 is divided by 2.
0
What is the remainder when 27 is divided by 11?
5
Calculate the remainder when 2503 is divided by 15.
13
Calculate the remainder when 7509 is divided by 23.
11
Calculate the remainder when 99 is divided by 42.
15
Calculate the remainder when 6159 is divided by 61.
59
Calculate the remainder when 74 is divided by 14.
4
Calculate the remainder when 1011 is divided by 23.
22
Calculate the remainder when 222 is divided by 16.
14
What is the remainder when 1072 is divided by 52?
32
What is the remainder when 108 is divided by 11?
9
What is the remainder when 419 is divided by 15?
14
Calculate the remainder when 2935 is divided by 11.
9
What is the remainder when 94 is divided by 70?
24
What is the remainder when 1663 is divided by 5?
3
What is the remainder when 6265 is divided by 2079?
28
Calculate the remainder when 90 is divided by 47.
43
What is the remainder when 150 is divided by 71?
8
What is the remainder when 72 is divided by 56?
16
Calculate the remainder when 1376 is divided by 114.
8
What is the remainder when 5455 is divided by 210?
205
Calculate the remainder when 111 is divided by 17.
9
What is the remainder when 59 is divided by 10?
9
Calculate the remainder when 24 is divided by 11.
2
What is the remainder when 1017 is divided by 252?
9
What is the remainder when 217 is divided by 87?
43
Calculate the remainder when 86 is divided by 19.
10
What is the remainder when 10162 is divided by 299?
295
What is the remainder when 1629 is divided by 32?
29
Calculate the remainder when 62 is divided by 19.
5
Calculate the remainder when 420 is divided by 9.
6
Calculate the remainder when 97 is divided by 10.
7
Calculate the remainder when 227 is divided by 76.
75
Calculate the remainder when 12005 is divided by 293.
285
What is the remainder when 1317 is divided by 417?
66
Calculate the remainder when 900 is divided by 171.
45
What is the remainder when 2244 is divided by 45?
39
What is the remainder when 14028 is divided by 305?
303
Calculate the remainder when 270 is divided by 59.
34
Calculate the remainder when 189 is divided by 25.
14
What is the remainder when 178 is divided by 118?
60
Calculate the remainder when 213 is divided by 107.
106
What is the remainder when 162 is divided by 23?
1
Calculate the remainder when 35393 is divided by 17.
16
Calculate the remainder when 223 is divided by 218.
5
What is the remainder when 132 is divided by 17?
13
Calculate the remainder when 205 is divided by 11.
7
What is the remainder when 270 is divided by 27?
0
Calculate the remainder when 2438 is divided by 769.
131
What is the remainder when 1397 is divided by 694?
9
What is the remainder when 321 is divided by 41?
34
Calculate the remainder when 39 is divided by 18.
3
What is the remainder when 252 is divided by 16?
12
What is the remainder when 6209 is divided by 48?
17
Calculate the remainder when 210 is divided by 53.
51
What is the remainder when 261 is divided by 24?
21
What is the remainder when 1932 is divided by 38?
32
What is the remainder when 2397 is divided by 22?
21
Calculate the remainder when 425 is divided by 61.
59
Calculate the remainder when 1307 is divided by 34.
15
What is the remainder when 104 is divided by 25?
4
What is the remainder when 1072 is divided by 285?
217
Calculate the remainder when 1353 is divided by 63.
30
What is the remainder when 12 is divided by 3?
0
What is the remainder when 2562 is divided by 27?
24
Calculate the remainder when 210 is divided by 106.
104
What is the remainder when 126 is divided by 59?
8
Calculate the remainder when 202 is divided by 71.
60
Calculate the remainder when 55 is divided by 16.
7
What is the remainder when 11647 is divided by 208?
207
Calculate the remainder when 356 is divided by 33.
26
Calculate the remainder when 612 is divided by 252.
108
Calculate the remainder when 104 is divided by 21.
20
What is the remainder when 12551 is divided by 8?
7
Calculate the remainder when 83 is divided by 21.
20
What is the remainder when 297 is divided by 297?
0
What is the remainder when 2318 is divided by 86?
82
What is the remainder when 670 is divided by 28?
26
What is the remainder when 175 is divided by 36?
31
What is the remainder when 1169 is divided by 10?
9
Calculate the remainder when 14233 is divided by 22.
21
What is the remainder when 588 is divided by 34?
10
Calculate the remainder when 592 is divided by 134.
56
Calculate the remainder when 538 is divided by 143.
109
What is the remainder when 140 is divided by 48?
44
Calculate the remainder when 1547 is divided by 120.
107
Calculate the remainder when 4128 is divided by 318.
312
What is the remainder when 171 is divided by 53?
12
What is the remainder when 745 is divided by 60?
25
What is the remain